
True
Is 70363177 a prime number?
False
Is 669839 prime?
True
Is 6567557 composite?
False
Is 20722679 prime?
False
Is 466182749 prime?
True
Is 286716503 composite?
True
Is 24983209 prime?
False
Is 8368801 a composite number?
True
Is 37208873 composite?
True
Is 97793099 a prime number?
False
Is 1446545 a prime number?
False
Is 1811923 a composite number?
False
Is 4806773 composite?
False
Is 2032033 composite?
True
Is 7836373 a prime number?
True
Is 1389097 composite?
False
Is 1541051 a composite number?
False
Is 99823187 prime?
False
Is 7097159 a prime number?
True
Is 2822189 a prime number?
True
Is 356859502 composite?
True
Is 5207963 a composite number?
False
Is 820067 a composite number?
False
Is 3398903 a composite number?
True
Is 4472515 composite?
True
Is 200693 prime?
False
Is 31131131 a composite number?
True
Is 34264383 prime?
False
Is 17153567 a prime number?
True
Is 97116221 a composite number?
False
Is 12125585 composite?
True
Is 9611639 prime?
False
Is 7340779 a prime number?
True
Is 302261 prime?
True
Is 117451069 a prime number?
False
Is 1253171 a composite number?
False
Is 1294543763 composite?
False
Is 5374951 prime?
True
Is 34445029 a prime number?
True
Is 114168977 a composite number?
True
Is 2584639 a composite number?
True
Is 1654451 prime?
False
Is 75971463 a prime number?
False
Is 639281 a prime number?
False
Is 2953243 a composite number?
False
Is 72387709 a prime number?
True
Is 9471029 a composite number?
False
Is 28155157 a prime number?
True
Is 1347527 composite?
False
Is 221988059 a composite number?
True
Is 9364231 a composite number?
True
Is 15218227 a prime number?
False
Is 660053189 prime?
True
Is 151630607 a composite number?
False
Is 83231923 composite?
True
Is 27650741 composite?
False
Is 15992149 composite?
False
Is 4951387 composite?
True
Is 111833263 a composite number?
False
Is 354729847 a composite number?
False
Is 11939053 a composite number?
True
Is 1195091 a prime number?
True
Is 8625031 a composite number?
True
Is 632709803 a composite number?
True
Is 921931 a prime number?
True
Is 129728597 a prime number?
False
Is 114754021 composite?
False
Is 5402409 a prime number?
False
Is 268131491 composite?
False
Is 480601 composite?
True
Is 60337741 prime?
True
Is 50288831 a prime number?
True
Is 1932193 a prime number?
True
Is 106695859 a prime number?
False
Is 363215 prime?
False
Is 143093 a prime number?
True
Is 45829573 a composite number?
False
Is 4906469 a composite number?
False
Is 142729439 a prime number?
True
Is 172630779 a prime number?
False
Is 103491967 composite?
False
Is 57210073 a composite number?
True
Is 1428359 a composite number?
False
Is 63233771 a composite number?
False
Is 17766391 composite?
False
Is 10464959 a composite number?
False
Is 19236821 a composite number?
False
Is 146072453 prime?
False
Is 322773359 prime?
True
Is 970763 composite?
True
Is 13735441 prime?
True
Is 701315 composite?
True
Is 178117 a composite number?
False
Is 11489957 a prime number?
True
Is 2140601 composite?
False
Is 16266511 prime?
False
Is 736493 a composite number?
True
Is 1818767 prime?
False
Is 108743585 composite?
True
Is 6095021 a composite number?
False
Is 4086365 composite?
True
Is 11246479 a composite number?
False
Is 4077919 composite?
False
Is 31441673 a prime number?
False
Is 96537895 a prime number?
False
Is 458933 a prime number?
False
Is 2438881 composite?
False
Is 3113497 a composite number?
False
Is 48711653 a prime number?
True
Is 8718159 a prime number?
False
Is 33150409 composite?
True
Is 52954667 composite?
True
Is 4744723 a prime number?
False
Is 51807781 a composite number?
True
Is 4467181 a composite number?
False
Is 1415207 composite?
False
Is 4048419 a prime number?
False
Is 33478879 a prime number?
False
Is 26280067 composite?
True
Is 59566807 prime?
True
Is 79972769 prime?
False
Is 370715179 composite?
True
Is 166340443 composite?
False
Is 28076387 composite?
False
Is 189757481 a composite number?
True
Is 2539731 a composite number?
True
Is 272008249 a composite number?
True
Is 14345363 composite?
False
Is 331282891 a composite number?
True
Is 3595261 a composite number?
True
Is 133943207 a prime number?
False
Is 110305597 a prime number?
False
Is 59874751 a composite number?
True
Is 7704061 a composite number?
True
Is 6110197 composite?
True
Is 3160903 prime?
False
Is 5258431 a prime number?
True
Is 48800459 prime?
True
Is 14241901 composite?
True
Is 3505267 a prime number?
True
Is 97498529 a composite number?
True
Is 686669297 a composite number?
False
Is 9518723 composite?
False
Is 2223303 a prime number?
False
Is 17404601 a composite number?
False
Is 2909221 composite?
True
Is 95673317 composite?
True
Is 5149867 a composite number?
False
Is 11909627 a prime number?
False
Is 871589 composite?
False
Is 26394527 prime?
True
Is 11915083 prime?
False
Is 56706323 a composite number?
False
Is 1477661 a composite number?
False
Is 48375163 a composite number?
False
Is 28471 prime?
False
Is 2364247 prime?
True
Is 382864957 a composite number?
False
Is 255918653 a composite number?
False
Is 5988901 a prime number?
False
Is 331447 a prime number?
True
Is 92116821 prime?
False
Is 1223797 a prime number?
False
Is 4975909 a composite number?
False
Is 18710443 prime?
True
Is 3589 a prime number?
False
Is 4449391 composite?
False
Is 2555951 a prime number?
True
Is 12870721 composite?
False
Is 1453541 prime?
False
Is 4283291 a composite number?
True
Is 1537615 prime?
False
Is 467859631 a prime number?
False
Is 2819153 prime?
True
Is 1926062 prime?
False
Is 506201 a prime number?
True
Is 15522131 prime?
False
Is 786218 prime?
False
Is 449944403 a composite number?
False
Is 1725726719 a composite number?
False
Is 8914985 a composite number?
True
Is 73722967 composite?
True
Is 18194383 prime?
True
Is 774629 composite?
False
Is 142237093 a prime number?
True
Is 1253390597 composite?
False
Is 86353769 prime?
True
Is 27419333 a composite number?
True
Is 758654485 composite?
True
Is 116609953 a prime number?
False
Is 6457907 a prime number?
False
Is 5198939 composite?
False
Is 26010619 prime?
True
Is 220591169 prime?
True
Is 5513797 a prime number?
False
Is 295499877 composite?
True
Is 23188463 a prime number?
False
Is 3681917 composite?
False
Is 619207583 composite?
False
Is 163569793 a composite number?
False
Is 235781047 a prime number?
False
Is 3030019 a composite number?
False
Is 1706997 a composite number?
True
Is 4883713 composite?
True
Is 4286567 composite?
True
Is 3025331 a composite number?
False
Is 84823 composite?
True
Is 1087967 a prime number?
True
Is 2178283 a prime number?
True
Is 446941897 a prime number?
True
Is 11516279 a prime number?
True
Is 6288863 a composite number?
True
Is 251604769 a prime number?
False
Is 5160959 a prime number?
True
Is 1130119 prime?
False
Is 855367 a prime number?
False
Is 3808549 a composite number?
False
Is 7427893 a composite number?
True
Is 87941137 prime?
False
Is 21382531 prime?
True
Is 3280169 a composite number?
True
Is 219986227 composite?
False
Is 8836283 prime?
True
Is 5994269 prime?
True
Is 236809 prime?
False
Is 22230823 a composite number?
False
Is 4242347 composite?
True
Is 467146481 composite?
False
Is 141081067 composite?
False
Is 226229813 prime?
True
Is 148276451 a prime number?
True
Is 19096211 a composite number?
False
Is 10795241 prime?
False
Is 7001281 a prime number?
False
Is 11127001 composite?
False
Is 8325309 composite?
True
Is 160035745 a composite number?
True
Is 95231221 prime?
True
Is 57229553 a prime number?
True
Is 129323 a prime number?
False
Is 9204659 a prime number?
True
Is 19173887 a composite number?
False
Is 177821803 prime?
True
Is 503059 prime?
False
Is 24695147 composite?
False
Is 5019479 a composite number?
True
Is 29190533 prime?
True
Is 5605207 composite?
True
Is 39701033 prime?
False
Is 23329517 a composite number?
False
Is 41439311 prime?
True
Is 73678597 a composite number?
False
Is 250091 a prime number?
True
Is 4070741 a prime number?
True
Is 9172667 a composite number?
True
Is 7735877 a composite number?
False
Is 38447687 a composite number?
True
Is 7649209 a composite number?
False
Is 2841959 prime?
False
Is 88185743 composite?
False
Is 4607857 prime?
True
Is 3192953 a prime number?
True
Is 173901